Let m(s) = -4*s + 1. Let b be m(-3). Let f(y) = y**2 - 7*y + 5. Let j be f(8). What is the highest common factor of j and b?
13
Let t(p) = p**2 + p + 14. Let v be t(0). Let b(s) = -s - 3. Let m be 1/(-4) - (-19)/(-4). Let n be b(m). What is the greatest common factor of n and v?
2
Let l(t) = t + 25. Let d be l(-16). What is the highest common divisor of 3 and d?
3
Let r be (4 + -3)/((-1)/(-154)). What is the greatest common divisor of r and 22?
22
Let d be ((-2)/8*-86)/(6/60). What is the greatest common factor of d and 43?
43
Let m(u) = -u**3 + 3*u**2 + 2. Let f be m(3). Suppose -25 = -0*k - k + i, f*i = 5*k - 110. Let a = 42 - 12. Calculate the greatest common factor of a and k.
10
Suppose 15 = 5*o - 5. Suppose -3*m - 68 = -5*f, -3*m - o = -f - 0. Calculate the greatest common factor of f and 32.
16
Let i(v) = v**2 + 12*v - 18. Let n be i(-14). Calculate the greatest common divisor of 90 and n.
10
Let v = 36 + 60. Suppose -c = r - 5*r - 192, 2*r - 192 = -c. Let b = c - v. What is the greatest common factor of b and 24?
24
Let b = -10 - -8. Let p be 2 + 42/(1 - b). Calculate the greatest common divisor of 64 and p.
16
Let a be 1/((-327)/(-162) + -2). What is the greatest common divisor of 6 and a?
6
Let d(x) = x - 10. Let p be d(0). Let a be p/(-4) + 1/2. Suppose 91 = a*s - 245. What is the highest common factor of 16 and s?
16
Suppose -z = 3*f - 836, 5*z = -3*f - 0*z + 832. Calculate the greatest common factor of 31 and f.
31
Let p be 321/15 + (-2)/5. Suppose 0 = 14*z - 9*z - 35. Calculate the highest common divisor of p and z.
7
Let u be ((-26)/(-4))/(1/4). Suppose 0 = -4*x + u + 198. Calculate the greatest common factor of 8 and x.
8
Let c be 19/1*(-2 - -3). Suppose -4*s = 13 + c. Let w be (0 + 2)/((-2)/s). Calculate the greatest common divisor of 88 and w.
8
Let q = 9 - -1. Calculate the highest common factor of q and 70.
10
Suppose -3*z = 2*z + 10. Let t be -2 + (-4)/z + 1. What is the greatest common divisor of t and 5?
1
Suppose 0 = 2*h - 5 - 5. Suppose 0 = -y + 10 + h. Let g be 4 + 0 + 0 + -1. Calculate the greatest common divisor of g and y.
3
Suppose -3*j - 4*r - 13 = 0, 7*r - 2*r = -4*j - 16. Let u = -5 + 6. Calculate the highest common factor of j and u.
1
Let y = -2 + 3. Let x = -6 - -6. Let d be 10/(y - -1 - x). Calculate the highest common divisor of 5 and d.
5
Let k(a) = -a**2 - 4*a - 1. Let q be k(-4). Let j be 2/q*15/(-2). Suppose 22*z - 27*z = -50. Calculate the highest common factor of z and j.
5
Suppose 3*q = 5*t + 239, 0*q = -q + 3*t + 77. Let z = q + -38. Calculate the greatest common divisor of 5 and z.
5
Suppose -g - 5 = -6*g. Let c be -8 + 30 - (2 - g). Calculate the greatest common factor of c and 3.
3
Suppose 2*v - 351 = -v. Suppose -14*b + 13 = -13*b. Calculate the highest common divisor of b and v.
13
Suppose -2*d = -4*q + 4, 3*q - 8 = -d - 0*d. Suppose -3*j - 48 = -2*b - d*b, 2*b - 4*j = 34. What is the greatest common divisor of b and 99?
9
Suppose 1 + 71 = s. What is the greatest common factor of s and 48?
24
Let g = -80 - -91. Let j be (-4)/10 + 554/10. What is the greatest common divisor of j and g?
11
Suppose -2*x - 3*d = -d - 28, 5*d = x - 26. Let u = 26 - x. Calculate the greatest common factor of 90 and u.
10
Let q = 130 - 38. Let y(k) = 26*k + 283. Let c be y(-10). What is the greatest common divisor of q and c?
23
Suppose -6*b - 1572 = -3948. What is the greatest common factor of b and 12?
12
Let n be ((-6)/(-4))/((-1)/(-2)). Suppose 4*s - 2*q = 148, q + q = 2*s - 74. Let r = -22 + s. What is the greatest common divisor of n and r?
3
Suppose 4*r + 5 + 15 = 0. Let q(s) = -79*s**2 - s. Let l be q(1). Let t be l/r + 0/1. What is the highest common divisor of t and 24?
8
Let q = -3 - -5. Let i be (4 + 29)/(q/6). Suppose -x = 3*x + 3*f - 44, 2*f = 5*x - 55. What is the greatest common factor of i and x?
11
Let x(r) = r**3 - 11*r**2 - 9*r - 17. Let o be x(12). Calculate the greatest common factor of 171 and o.
19
Let z = -19 + 19. Suppose 5*u + 0 - 25 = 0. Suppose z = -x + 1, m = x + 20 - u. Calculate the highest common factor of m and 48.
16
Let f be (21/14)/((-3)/(-52)). Calculate the greatest common factor of f and 39.
13
Suppose 3*u - 4*l = 28, -5*l + 16 + 54 = 5*u. Calculate the highest common divisor of u and 4.
4
Let c(o) = 3*o**2 - 7*o - 9. Let k be c(4). What is the highest common factor of k and 22?
11
Let v(x) = -13*x + 13. Let b(w) = 7*w - 7. Let j(g) = 11*b(g) + 6*v(g). Let m be j(-7). What is the greatest common factor of m and 8?
8
Suppose 0 = -3*x + u + 188, 2*x + 46 = -5*u + 194. What is the greatest common divisor of 8 and x?
8
Let y be (-3 - (-24)/9)/((-1)/18). What is the greatest common factor of 6 and y?
6
Suppose -8*y = -66 - 662. What is the highest common factor of 13 and y?
13
Suppose 0 = -i + 5*i - 32. What is the highest common divisor of 24 and i?
8
Suppose -5*n - 16 = 4*s, -2*n + 2 = 2*s + 10. Suppose -5*b + b + 32 = n. What is the greatest common divisor of b and 8?
8
Let z = -80 + 135. Calculate the highest common divisor of z and 5.
5
Let s = 13 + -13. Suppose 236 = 2*t - 4*q, -t + s*t + 5*q + 133 = 0. Calculate the greatest common factor of 12 and t.
12
Let d = 3 + 11. What is the highest common factor of 28 and d?
14
Let k = -3 + 59. Let q(i) = -2*i - 6. Let l(y) = -2*y - 5. Let p(v) = -4*l(v) + 3*q(v). Let t be p(6). What is the greatest common divisor of t and k?
14
Let t be 4/14 - (-290)/14. Let l be (-7)/(t/(-54)) - -2. Calculate the greatest common factor of 180 and l.
20
Let c be 0 - (-1)/(3/21). Calculate the greatest common factor of 49 and c.
7
Suppose 3*r - 75 = -2*r - 5*m, m + 33 = 3*r. Calculate the greatest common divisor of r and 16.
4
Suppose 6*w = 132 + 258. Let v be (-15)/6*(-14)/1. Let n = w - v. What is the highest common divisor of 6 and n?
6
Suppose 0 = -5*g + 35 + 25. What is the greatest common divisor of 36 and g?
12
Suppose 0 = -5*y - 3 + 8. What is the highest common divisor of y and 4?
1
Suppose -f = -4*n + 1, n - 3*f = 2*f + 5. Suppose n = 2*x - 7*x + 5*l + 150, 36 = x + 2*l. What is the highest common divisor of 8 and x?
8
Let a(g) = g**3 + g**2 + g + 2. Let b be a(0). Let o be -3 + 0 - (b - 6). What is the highest common divisor of o and 1?
1
Suppose 0 = 4*s - 2*s. Suppose s = z + 3*z - 156. What is the highest common factor of z and 26?
13
Suppose 29 = -2*r + r. Let o = 13 - r. What is the greatest common factor of 28 and o?
14
Let k = -3 + 8. Suppose -3*h + 5*h = 3*c + 19, 0 = 5*h - k*c - 35. Let n be (-9)/((-10)/(-6) - h). What is the highest common divisor of n and 18?
9
Let s = -50 - -56. Calculate the highest common divisor of s and 4.
2
Let h be 5/(-2)*(-20)/25. Let i be (h/4)/(4/384). What is the greatest common factor of 16 and i?
16
Suppose -2*h = -0*p - p - 7, -23 = -3*h - p. Calculate the highest common factor of h and 30.
6
Suppose 2*v + 3*v = 240. Calculate the highest common factor of 48 and v.
48
Let w(b) = 4*b**2 - 7*b - 1. Let m be w(5). Let a = -36 + m. What is the greatest common factor of 42 and a?
14
Let j = 23 + -12. What is the highest common factor of j and 77?
11
Let v(c) = c**2 - 13*c - 3. Let k be v(14). What is the highest common factor of k and 88?
11
Let t = 8 - 3. Let f(d) = 3*d - 12. Let n be f(t). What is the greatest common factor of n and 15?
3
Let l(n) = -n**2 - 4*n**3 + 3*n + n**3 + 5*n**2 - n**3. Let i be l(-2). Calculate the highest common divisor of 6 and i.
6
Let w = 7 - 3. Let v = 9 - w. Calculate the highest common divisor of 40 and v.
5
Let x(w) = 8*w - 8*w**3 - 6*w**2 + 7*w**3 + 17 - 5*w**2. Let r be x(-12). What is the greatest common divisor of r and 13?
13
Suppose 4*l - 80 = -l. Suppose l = 5*k - 14. Suppose -3*o + k = -o. Calculate the highest common factor of o and 27.
3
Suppose -5*c + 455 = 4*p - 3*p, -4*c + p = -364. What is the greatest common divisor of c and 13?
13
Suppose -q - 7*q = -152. Suppose 2*l - 5*l + 285 = 0. Calculate the highest common factor of q and l.
19
Let s be 6/(-15) - 13/5. Let n = s - -13. Suppose 3*o - 85 = -10. What is the highest common factor of o and n?
5
Suppose s - 4 - 31 = 0. Let m = 4 - 21. Let h = s + m. Calculate the greatest common factor of h and 45.
9
Suppose -4*l + 10 = l. Suppose 0 = -3*i - l*i + 315. Suppose 4*o + 4 = 0, -7*b + 2*b = -o - 46. Calcu